r of 66720429 and 648.
81
Calculate the highest common factor of 298021030 and 40.
10
Calculate the highest common factor of 517 and 18370561.
517
Calculate the greatest common factor of 2345 and 1811278.
469
Calculate the greatest common factor of 93732 and 1226400.
876
What is the highest common factor of 53840724 and 3372?
3372
What is the greatest common divisor of 334688902 and 37?
37
What is the greatest common divisor of 1581958 and 133?
7
What is the highest common divisor of 1241510 and 28877?
67
Calculate the greatest common factor of 237567 and 10833.
69
Calculate the highest common divisor of 5225 and 19835375.
25
What is the highest common factor of 174843360 and 15?
15
Calculate the highest common divisor of 11516556 and 3684.
12
Calculate the highest common divisor of 18 and 5638452.
6
What is the highest common factor of 401435868 and 6?
6
Calculate the greatest common factor of 574 and 718345789.
287
Calculate the highest common factor of 372116703 and 1713.
1713
Calculate the greatest common factor of 968 and 40121400.
88
What is the greatest common divisor of 8469 and 35442?
9
Calculate the highest common divisor of 9372 and 87846.
66
What is the highest common factor of 414 and 24068718?
414
What is the highest common factor of 3240852 and 1?
1
What is the greatest common factor of 952899 and 6303?
573
What is the highest common divisor of 5742071 and 43619?
823
What is the greatest common factor of 2058890599 and 127?
127
Calculate the highest common divisor of 11818 and 4752470.
38
What is the greatest common divisor of 10661181 and 3597?
327
Calculate the highest common factor of 215775 and 28700.
175
Calculate the greatest common divisor of 56429 and 5311261.
73
Calculate the highest common factor of 316680 and 87812.
116
Calculate the greatest common divisor of 1388 and 135765832.
1388
What is the highest common divisor of 28611 and 10692711?
2601
What is the highest common factor of 8347 and 107?
1
Calculate the highest common factor of 1725 and 1445.
5
Calculate the highest common factor of 1172832 and 383952.
912
Calculate the greatest common factor of 1399 and 95530715.
1399
What is the greatest common divisor of 2571253 and 187598?
967
What is the greatest common factor of 8148 and 146253108?
1164
Calculate the highest common divisor of 19 and 188233.
19
What is the greatest common divisor of 43505385 and 980?
245
What is the greatest common divisor of 502773450 and 150?
150
Calculate the highest common divisor of 6480 and 37682160.
240
What is the greatest common factor of 3504708 and 609?
87
What is the greatest common factor of 16944 and 22190286?
2118
What is the highest common factor of 1736854 and 419125?
3353
What is the greatest common factor of 16540 and 7240?
20
What is the greatest common factor of 18449 and 59071?
19
What is the highest common factor of 15710667 and 426?
213
Calculate the greatest common factor of 246422856 and 114.
114
What is the highest common divisor of 20 and 559765?
5
Calculate the greatest common divisor of 8415209 and 2779.
397
Calculate the greatest common divisor of 101776896 and 2664.
72
What is the highest common factor of 33473 and 1752938?
187
What is the highest common divisor of 143292111 and 6702?
3351
Calculate the highest common factor of 181312 and 400.
16
Calculate the highest common divisor of 8676 and 2214549.
2169
What is the greatest common factor of 611366 and 56?
14
Calculate the greatest common factor of 282 and 133579640.
94
Calculate the highest common divisor of 54 and 642594924.
54
What is the highest common divisor of 71311 and 2523?
29
Calculate the highest common divisor of 744 and 63147.
93
Calculate the highest common divisor of 7392 and 2279508.
924
Calculate the greatest common divisor of 57316 and 2527700.
644
Calculate the highest common divisor of 43905 and 1920.
15
What is the highest common factor of 339660192 and 192?
96
What is the greatest common divisor of 2454983 and 341?
31
Calculate the greatest common factor of 18445 and 9670977.
527
Calculate the highest common divisor of 10 and 18843880.
10
Calculate the greatest common factor of 416592 and 283536.
1584
What is the greatest common factor of 375 and 5309445?
15
What is the greatest common factor of 26 and 14444599?
13
Calculate the highest common divisor of 6720 and 6889960.
280
Calculate the greatest common factor of 10107328 and 7744.
704
What is the greatest common factor of 30 and 13762942?
2
What is the greatest common factor of 3078 and 46104336?
1026
What is the greatest common divisor of 53 and 375405466?
53
Calculate the greatest common divisor of 110585046 and 78650.
3146
Calculate the highest common factor of 125739 and 54.
27
Calculate the highest common factor of 4644 and 97956.
108
What is the greatest common divisor of 1082272435 and 2355?
785
What is the highest common divisor of 55498988 and 36?
4
What is the greatest common factor of 43538 and 72776?
22
What is the greatest common divisor of 18 and 537326523?
9
Calculate the greatest common factor of 5984 and 5541360.
176
What is the highest common divisor of 261273 and 51759849?
5559
What is the highest common divisor of 8111402 and 1784?
446
Calculate the greatest common divisor of 10094119 and 623.
7
What is the highest common factor of 20594853 and 9942?
4971
What is the highest common factor of 14766 and 3472578?
642
What is the greatest common factor of 3258304 and 256?
64
What is the highest common divisor of 252 and 7194593?
7
Calculate the highest common divisor of 952 and 1466843.
7
What is the greatest common factor of 106 and 550700?
2
What is the highest common divisor of 9075063 and 2638227?
10947
What is the highest common divisor of 1197380 and 41785?
685
Calculate the highest common factor of 14223480 and 16.
8
Calculate the greatest common factor of 2484 and 36489408.
276
What is the greatest common factor of 6912984 and 41600?
104
What is the greatest common divisor of 495 and 28103250?
15
What is the highest common factor of 39960 and 1276830?
270
Calculate the greatest common factor of 1629 and 1664114.
181
Calculate the greatest common factor of 35412 and 7811297.
2951
Calculate the greatest common factor of 176373949 and 134.
67
Calculate the highest common divisor of 355527387 and 162.
81
What is the greatest common factor of 1477243816 and 92?
92
What is the highest common divisor of 30360 and 64367160?
1320
Calculate the greatest common divisor of 44770884 and 6.
6
What is the greatest common divisor of 68 and 4735996?
68
Calculate the highest common factor of 326 and 11551973.
163
Calculate the greatest common divisor of 41004 and 647700.
204
Calculate the greatest common divisor of 12395271 and 231.
21
What is the greatest common factor of 9315152 and 8624?
1232
What is the greatest common divisor of 1171977 and 29754?
1653
Calculate the greatest common factor of 22168 and 7820068.
68
What is the greatest common divisor of 550 and 11528?
22
What is the greatest common factor of 5473 and 35830889?
421
Calculate the highest common factor of 10556 and 11262846.
406
What is the highest common factor of 480783 and 500133?
129
Calculate the greatest common factor of 32390534 and 22.
22
What is the greatest common factor of 20197 and 105393?
19
Calculate the greatest common divisor of 22973818 and 2590.
518
Calculate the highest common factor of 49950 and 133785.
135
What is the greatest common divisor of 3150 and 1304730?
630
Calculate the greatest common divisor of 6449135 and 637.
49
What is the greatest common factor of 13425 and 102525?
75
What is the highest common divisor of 5368 and 6201074?
22
What is the greatest common factor of 14 and 9870434?
14
Calculate the greatest common divisor of 70 and 56273014.
14
What is the highest common factor of 11823 and 365799?
21
What is the highest common divisor of 85833 and 160812?
27
Calculate the greatest common factor of 57293 and 468073.
1081
What is the greatest common factor of 849 and 182685273?
849
What is the highest common divisor of 3969240 and 108097?
341
Calculate the greatest common divisor of 460248 and 8063400.
3624
Calculate the greatest common factor of 40 and 7717085.
5
What is the highest common divisor of 69134050 and 100